 0 = 4*s. Let q be 32/s + (-3)/9. Let w(x) be the third derivative of x**6/120 - x**5/10 + x**4/4 - 2*x**3/3 + x**2. Calculate w(q).
1
Let m(v) be the first derivative of v**2/2 - 3*v - 1. Calculate m(5).
2
Let p(u) = 13*u + 1 - 49*u + 19*u + 22*u. Determine p(1).
6
Suppose 3*a - 3 = 9. Suppose 4*c - 7*c + 18 = p, -a*p - c + 17 = 0. Let r(m) = -2*m + 2. Give r(p).
-4
Let h(s) = 3*s + 6. Let x = 5 + -9. Determine h(x).
-6
Let i be (-2)/(-3) + 48/9. Let o(d) = -d**3 + 7*d**2 - 7*d - 3. Calculate o(i).
-9
Let j(h) = -2*h**2 + 17*h - 5. Let p be j(8). Let a be 18/5 - (-2)/5. Let y(w) = w**p - w - 4*w - 3 - a*w**2 - 1. Give y(5).
-4
Suppose -x = -5*c - 16 - 13, -4*c - 5*x - 29 = 0. Let f(y) = 2. Let o(b) = b + 5. Let r(z) = -2*f(z) - o(z). Give r(c).
-3
Suppose y + 14 = 9. Let t(n) = n**3 + 5*n**2 - 7. Calculate t(y).
-7
Let t be 1 - -1*(2 - 0). Let w(b) = 17*b + 2. Let v(r) = -25*r - 3. Let z(q) = 5*v(q) + 8*w(q). Let h(j) = 6*j + 1. Let f(g) = 7*h(g) - 4*z(g). Give f(t).
-3
Suppose 0*z + 16 = -4*z. Let x(i) = 5*i + 10 - 2 + i**2 - 7 + 0. Calculate x(z).
-3
Let k(l) = 5*l**2 - 2. Let u(b) = 4*b**2 - 2. Let t be -2 - (2 - (1 + -1)). Let s(q) = t*u(q) + 3*k(q). What is s(0)?
2
Let c(l) = l**3 + 2*l**2 - 2*l - 1. Let a be c(-2). Suppose -a*v - 10 = -8*v. Let k(s) = 4*s**2 - 1 + s**2 + s - 3*s**2 + s**v. Determine k(1).
3
Let v(i) = -i**3 + 4*i**2 - 2*i - 1. Let h be v(3). Let x(c) = -3 - 7*c + 6 - 3 - c**h. Give x(-6).
6
Let a(h) = -h**3 + 6*h**2 - 6*h + 2. Let c = -5 + 10. Calculate a(c).
-3
Let b(g) = g**2 - 2*g + 3. Suppose d = 4*h + 2*d - 10, -h - 3*d + 8 = 0. Let u be b(h). Let w(s) = -s**3 + 2*s**2 + 3*s + 3. Calculate w(u).
3
Let d(r) = 3*r - 1. Let y(b) = -1. Let m(u) = -d(u) + 2*y(u). What is m(3)?
-10
Suppose -2*c + 10 = -4*u, -2*u + 0 = -2. Let w(g) be the first derivative of 1 + 5/2*g**2 - c*g - 1/3*g**3. Calculate w(5).
-7
Let p(f) = f**3 - 5*f**2 + 5*f - 2. Let x = 59 - 55. Determine p(x).
2
Let t(a) = a + 3. Let b be -3 - 0 - (0/(-3) + 2). Calculate t(b).
-2
Let k(r) = r**2 + r + 4. Suppose -3*i - 4*o = -4, -5*i - 3 = -3*o - 0. Determine k(i).
4
Let p(y) = -y**2 + 9 - y + 0 + 1 + 1 + y**3. Give p(0).
11
Let b(u) = -7*u**3 - u**2 + 4*u + 2. Let v(f) = 8*f**3 + f**2 - 5*f - 3. Let s(n) = 7*b(n) + 6*v(n). Determine s(-3).
20
Let s(o) = 24*o - 26. Let y(r) = 8*r - 9. Let q(u) = -6*s(u) + 17*y(u). Let h(a) = 0*a + a - 1 + 0. Let i(z) = 2*h(z) + q(z). What is i(1)?
-5
Let p(k) = 0 + 3 + 2 - 3*k**2. Let c(m) = -2*m**2 + 3. Suppose -2*j - 9 - 1 = 0. Let w(r) = j*c(r) + 3*p(r). What is w(-2)?
4
Let m = -2 + 7. Let q(u) = 0*u - 4*u**2 + m*u**2 - u - 1. Suppose -6*a = -3*a + 3. What is q(a)?
1
Let v(q) = -q**2 - 6*q - 6. Let h = 43 + -31. Suppose 2*w + h = -w. Give v(w).
2
Let k(s) = -s - 1. Let f be 2*1 + -7 + 7. Let c(w) = 5 + 1 - f. Let d(z) = -c(z) - 3*k(z). Determine d(-1).
-4
Let s(g) = -4*g**3 + 7*g**2 - 7*g + 11. Let z(o) = -5*o**3 + 7*o**2 - 7*o + 12. Let h(n) = -4*s(n) + 3*z(n). Give h(6).
-2
Let p(j) be the second derivative of j**3/6 - j**2/2 - 3*j. Let g be p(2). Let f = 1 + g. Let y(v) = -v**3 + 3*v**2 + v - 1. Calculate y(f).
5
Suppose -5*n + 57 + 18 = 0. Suppose 0 = 3*h + 5*k - k + 12, 3*h - n = 5*k. Let a(t) = -t**3 - t**2 + 11. Determine a(h).
11
Let s(v) = 2*v - 3. Let m be (-2)/6*(-19 + 1 + 0). What is s(m)?
9
Let m(j) be the second derivative of 0 + 0*j**2 + 1/3*j**3 - 3*j. Let q be 2 - 2/((-2)/(-5)). Give m(q).
-6
Suppose 2*i + d - 2*d = 49, -2*d + 10 = 0. Let u be (-3)/6 + i/(-6). Let f(y) = -2*y - 7. What is f(u)?
3
Let p be 4 + (6 - 4 - 7). Let s(d) = -7*d**3 + 2*d + 1. Calculate s(p).
6
Let w(f) = -f + 3. Suppose 4*o = 4*k - o - 1, 0 = -4*k - 2*o + 22. Let p(i) = i**2 - 4*i + 5. Let s be p(k). Calculate w(s).
-2
Suppose -5*q - 3 - 5 = 2*o, 4 = -q. Let l(p) = p**3 - p**2 + p - 1. Let t(b) = -7*b**3 + 2*b**2 - 4*b + 12. Let r(u) = o*l(u) + t(u). Calculate r(-4).
-2
Let q(u) = -u**2. Let n(c) = c**3 + 8*c**2 + c + 5. Let t be n(-8). Determine q(t).
-9
Let j(u) = -u**2 + 7*u - 5. Let p(h) = -h**3 - 10*h**2 + 5. Let i be p(-10). Give j(i).
5
Suppose -o = -3*l + 11, -5*o + o = 2*l + 16. Let w(c) be the first derivative of 1 - c + 0*c**l - 9/4*c**4 + 0*c**3. Calculate w(-1).
8
Suppose 5*l = 3*p - 33, -2*p - 1 - 15 = 3*l. Let d(q) = q**3 + 6*q**2 - 3*q - 5. Give d(l).
13
Let l(b) be the second derivative of -b**5/20 - b**4/2 - 2*b**3/3 + b. Let w be 1*(4 - (2 + 1)). Let k(f) = -4*f**2 - 2*f + 1. Let s be k(w). Determine l(s).
-5
Suppose -7*q + 0*q - 7 = 0. Let i(x) be the first derivative of x - 1/2*x**2 - 1 - 1/3*x**3. What is i(q)?
1
Let f(w) = -11*w - 17. Let c(n) = -5*n - 8. Let u(l) = 13*c(l) - 6*f(l). Suppose 2*t = -g + 3, 2*g - 6 = -3*g - t. Let a = g - 0. What is u(a)?
-1
Let c(r) = -4*r**3 + 13*r**2 + 2*r - 2. Let z(w) = -w**3 + w**2 - w. Let i(j) = -c(j) + 5*z(j). Give i(-7).
2
Let u be 57/12 - (-3)/(-4). Let p(d) = 0*d + 4 + d - d**3 + u*d**2 - 5*d. Suppose 0 = 3*a - 6 - 3. Determine p(a).
1
Let g(k) = -k - 6. Let w(m) = -m - 1. Let t(i) = g(i) + 2*w(i). Calculate t(-6).
10
Suppose -3*b = -t - 16, -3*b + 28 = 2*b - 2*t. Let w(p) = -p**3 + 4*p**2 - p + 3. Calculate w(b).
-1
Let j(s) be the first derivative of 4 + 3/2*s**2 - 6*s. What is j(4)?
6
Let z(x) = -x**3 - 6*x**2 - 6*x + 7. Let a(b) = 5*b**3 + b**2 - 1. Let t be a(-1). Determine z(t).
12
Let k(v) be the third derivative of v**5/60 - v**4/24 + v**3 - 18*v**2. What is k(0)?
6
Let j be 4/16 - (-35)/4. Suppose j = -5*n - 16. Let g(d) = d**3 + 5*d**2 + d - 1. Calculate g(n).
-6
Suppose -4*z - z + 115 = 0. Suppose -8 + z = -5*w. Let u(g) = -g - 3. Give u(w).
0
Let s(n) = n**2 - 2*n + 2. Suppose 7*b - 3 = 18. Give s(b).
5
Let p(w) be the third derivative of -w**5/60 + w**4/6 + 4*w**3/3 + 3*w**2. Calculate p(6).
-4
Suppose 5 = -7*b + 2*b. Let c be (-4 - (b - 1))*1. Let p be (c + 3 - 2) + 4. Let g(y) = y**2 - 2*y - 2. Give g(p).
1
Let v(g) = -3*g**3 + 4*g**2 - g + 3. Let c(k) = 10*k**3 - 11*k**2 + 3*k - 8. Let h(x) = 2*c(x) + 7*v(x). Let p be h(6). Let l(o) = 5*o**2 - o - 1. What is l(p)?
5
Let l(x) = 2*x - 2. Let y be 2/2 + 4/2. Suppose 2*t = -3*v + 8, 5*v - 6*t + y*t = 26. Suppose -2*g = -3*j + 3, -12 = -v*g - 0. Calculate l(j).
4
Let u(z) = z**3 + 3*z**2 - 3*z - 3. Suppose 2*w + 1 = n, -4*n + 13 = -2*w + n. Suppose -7 = 4*d + w. Calculate u(d).
7
Let y(g) = 1 - 4*g**2 + g + 0*g + 3*g - g**3. Determine y(-5).
6
Let c(g) = -2*g - 6. Suppose -4*k + 14 = b, 2*k = -0*b + 3*b. Let j(r) = -2*r**3 + 3*r**2 - 2*r + 2. Let h be j(b). Calculate c(h).
6
Let c(i) = -i. Let s(l) = 2*l - 1. Let f(m) = -4*c(m) - 3*s(m). Let d(a) = -a + 19. Let k be d(16). Determine f(k).
-3
Suppose -3*l = 3*k + 6, -2 = 6*k - 4*k + 4*l. Let v be 10/k*(-12)/10. Suppose 5*g - g = -v*p - 20, -4*g - 4 = 0. Let d(r) = r**3 + 4*r**2 - 2*r - 5. Give d(p).
3
Let i(t) = -8*t + 4. Let x(c) = -c**2 + c. Let n(a) = i(a) + x(a). Calculate n(-8).
-4
Suppose -w - w + 10 = 0. Let v(x) = -4*x - 5 + w. Let b be (-1 - -2)*(-2)/2. Calculate v(b).
4
Suppose 3*h + 2*k - 15 = 4*k, 2*k + 6 = 0. Suppose h*b + 23 = -g - 3*g, 5*b = -5*g - 30. Let v(j) = -6*j**3 - j**2 + j + 1. Determine v(b).
5
Suppose 0*k + k + 3 = 0. Let b(f) = f**3 + 2*f**2 - f. Calculate b(k).
-6
Let a(n) = 5*n + 7. Let i = 11 + -18. Let s(t) = 2*t + 3. Let x(w) = i*s(w) + 3*a(w). Determine x(5).
5
Suppose -2*t = 4*l - 10, -1 = -2*l - 5*t - 0. Let f(x) = x - 1 - 1 - 5*x - l*x**2 + x**2. Give f(-2).
-2
Suppose 0 = -10*y - 12 + 42. Let s(b) be the first derivative of -11*b + 2 - 1/2*b**2 - 1/3*b**y. Determine s(0).
-11
Let q(k) = k**3 - 2*k**2. Suppose 0 = -5*t + 19 - 9. What is q(t)?
0
Let v be (-1*2)/(2 + -3). Suppose -3*n = -0*q + q - 2, v*n = -2*q + 4. Let f(k) = -3*k**3 + k**q + 2 + 2*k**3 + 4. Calculate f(0).
6
Suppose -n - p - 2 = -2*n, 0 = -2*n - 5*p - 17. Let v(k) = -5 + 4 - 1 + 1. Let d(a) = -11*a - 3. Let c(h) = -d(h) + 2*v(h). Determine c(n).
-10
Let u(j) be the third derivative of -2*j**2 - 1/6*j**3 + 0*j + 1/30*j**5 + 0 - 1/12*j**4. Give u(3).
11
Let y(h) = -h - 3. Let u(c) = -c + 3 + 0*c - 2. Let j(w) = w - 16. Let k(n) = -j(n) - 5*u(n). Let o(s) = 2*k(s) + 9*y(s). What is o(-4)?
-1
Let x(m) = 2*m - 2. Let p(u) = u + 2. Let f be -1*(0/(-1) - 0). Let d be p(f). Let l be d - (2 - (0 + 3)). Determine x(l).
4
Suppose g = -g + 20. Let z = -5 + 